rime factors of 29016520.
2, 5, 13, 41, 1361
List the prime factors of 69201838.
2, 19, 1821101
List the prime factors of 47133317.
7, 11, 113, 5417
List the prime factors of 609574491.
3, 17, 101, 487
List the prime factors of 125410465.
5, 25082093
List the prime factors of 61125940.
2, 5, 1697, 1801
What are the prime factors of 1723858267?
1567, 1100101
List the prime factors of 56068768.
2, 7, 250307
What are the prime factors of 2462418786?
2, 3, 6337, 64763
List the prime factors of 250883722.
2, 17, 1409, 5237
What are the prime factors of 19139356?
2, 4784839
List the prime factors of 50944456.
2, 617, 10321
What are the prime factors of 432893381?
432893381
What are the prime factors of 57890646?
2, 3, 11, 97459
What are the prime factors of 55228751?
1301, 42451
What are the prime factors of 577800082?
2, 199, 1451759
What are the prime factors of 831949549?
199, 1013, 4127
List the prime factors of 842892809.
11, 76626619
List the prime factors of 632985232.
2, 11, 757, 4751
List the prime factors of 6451150997.
19, 769, 441527
List the prime factors of 7341754244.
2, 11, 166858051
List the prime factors of 51327325.
5, 7, 37, 7927
What are the prime factors of 1276473?
3, 11, 47, 823
List the prime factors of 239865145.
5, 13, 3690233
List the prime factors of 196700734.
2, 47, 2092561
What are the prime factors of 84299399?
79, 409, 2609
What are the prime factors of 81646804?
2, 1171, 17431
What are the prime factors of 94962705?
3, 5, 43, 147229
List the prime factors of 510488222.
2, 31, 8233681
What are the prime factors of 392483481?
3, 13, 1667, 6037
What are the prime factors of 333358080?
2, 3, 5, 11, 1973
What are the prime factors of 322774375?
5, 7, 11, 19, 353
List the prime factors of 497442940.
2, 5, 24872147
What are the prime factors of 301307394?
2, 3, 50217899
What are the prime factors of 1364765346?
2, 3, 7, 29, 229, 233
What are the prime factors of 1271295643?
19, 907, 73771
What are the prime factors of 70586073?
3, 317, 2749
List the prime factors of 773311853.
101, 383, 19991
What are the prime factors of 45621129?
3, 15207043
List the prime factors of 510104541.
3, 71, 821, 2917
List the prime factors of 627601390.
2, 5, 13, 4827703
What are the prime factors of 755600008?
2, 281, 336121
List the prime factors of 213157136.
2, 89, 149689
List the prime factors of 1057447466.
2, 67, 127, 62137
What are the prime factors of 88126923?
3, 29375641
List the prime factors of 222802929.
3, 1091, 22691
List the prime factors of 7160609.
41, 174649
List the prime factors of 56276583.
3, 11, 67, 25453
List the prime factors of 229425676.
2, 17, 3373907
What are the prime factors of 645400795?
5, 13, 9929243
List the prime factors of 112454075.
5, 53, 84871
List the prime factors of 222402861.
3, 97, 84919
List the prime factors of 2354802322.
2, 37, 683, 46591
What are the prime factors of 30028049?
907, 33107
List the prime factors of 1009701.
3, 7, 11, 31, 47
List the prime factors of 949587915.
3, 5, 61, 1037801
List the prime factors of 2939727790.
2, 5, 181, 1624159
List the prime factors of 668051346.
2, 3, 17, 6549523
What are the prime factors of 210989253?
3, 70329751
What are the prime factors of 1515456666?
2, 3, 53, 521, 3049
List the prime factors of 545693909.
545693909
List the prime factors of 3860955422.
2, 14033, 137567
List the prime factors of 1725691228.
2, 227, 1900541
List the prime factors of 492982793.
492982793
What are the prime factors of 657432936?
2, 3, 1014557
What are the prime factors of 5865065?
5, 1173013
What are the prime factors of 2053957021?
2053957021
What are the prime factors of 327755182?
2, 163877591
What are the prime factors of 184461866?
2, 17, 29, 187081
What are the prime factors of 714719420?
2, 5, 3371, 10601
List the prime factors of 597734078.
2, 298867039
What are the prime factors of 2555155152?
2, 3, 11, 547, 983
List the prime factors of 25174265.
5, 283, 17791
What are the prime factors of 3345751?
947, 3533
List the prime factors of 955290232.
2, 13, 53, 71, 2441
What are the prime factors of 767227766?
2, 227, 1689929
List the prime factors of 1293491361.
3, 3533, 122039
What are the prime factors of 65064497?
47, 1384351
List the prime factors of 33859719.
3, 31, 157, 773
List the prime factors of 159218498.
2, 17, 41, 114217
What are the prime factors of 96593095?
5, 1459, 13241
What are the prime factors of 71545375?
5, 11, 61, 853
What are the prime factors of 591090070?
2, 5, 6733, 8779
What are the prime factors of 314230585?
5, 163, 385559
List the prime factors of 754031664.
2, 3, 5236331
List the prime factors of 905456305.
5, 13, 19, 587, 1249
What are the prime factors of 544087480?
2, 5, 163, 83449
What are the prime factors of 8903035?
5, 1780607
What are the prime factors of 100755461?
19, 71, 3931
List the prime factors of 101474810.
2, 5, 10147481
What are the prime factors of 1048483575?
3, 5, 1553309
List the prime factors of 4256140825.
5, 17, 2687, 3727
List the prime factors of 575981104.
2, 53, 679223
List the prime factors of 607254424.
2, 7, 1201, 9029
What are the prime factors of 3715325943?
3, 7, 176920283
List the prime factors of 196053099.
3, 11, 5941003
What are the prime factors of 519012525?
3, 5, 211, 32797
What are the prime factors of 3307822363?
2393, 1382291
List the prime factors of 57251203.
31, 1087, 1699
List the prime factors of 340305042.
2, 3, 7, 11, 31, 23761
List the prime factors of 3192412225.
5, 2011, 63499
List the prime factors of 158019239.
7, 22574177
List the prime factors of 39686450.
2, 5, 73, 83, 131
List the prime factors of 3468597475.
5, 7, 19820557
List the prime factors of 147801477.
3, 49267159
What are the prime factors of 699788112?
2, 3, 14578919
List the prime factors of 5237746152.
2, 3, 218239423
List the prime factors of 45414931.
45414931
What are the prime factors of 793636844?
2, 7, 11, 13, 79, 193
What are the prime factors of 100650823?
7, 13, 85081
What are the prime factors of 120683194?
2, 1223, 49339
List the prime factors of 1244294760.
2, 3, 5, 89, 116507
List the prime factors of 14292348.
2, 3, 7, 229, 743
List the prime factors of 156083037.
3, 11, 23, 8941
What are the prime factors of 60117897?
3, 7, 31, 92347
What are the prime factors of 2077074833?
8501, 244333
List the prime factors of 133952665.
5, 7, 11, 347929
What are the prime factors of 4457577919?
313, 937, 15199
List the prime factors of 2881108501.
23, 29, 4319503
List the prime factors of 31895209.
2767, 11527
List the prime factors of 253426600.
2, 5, 7, 181019
List the prime factors of 246528083.
246528083
List the prime factors of 265507792.
2, 11, 139, 10853
List the prime factors of 8619457014.
2, 3, 7, 61, 160207
List the prime factors of 1999653493.
37, 47, 1149887
What are the prime factors of 85610744?
2, 10701343
What are the prime factors of 254525801?
254525801
List the prime factors of 92127870.
2, 3, 5, 1023643
What are the prime factors of 314741384?
2, 19, 23, 197, 457
What are the prime factors of 1825361282?
2, 23, 31, 457, 2801
List the prime factors of 323275880.
2, 5, 19, 425363
List the prime factors of 166984161.
3, 55661387
List the prime factors of 513551990.
2, 5, 7, 7336457
What are the prime factors of 1035783998?
2, 517891999
What are the prime factors of 29299943?
29299943
What are the prime factors of 893710098?
2, 3, 31, 251, 709
What are the prime factors of 209486040?
2, 3, 5, 1745717
What are the prime factors of 2851517349?
3, 743, 426427
What are the prime factors of 56801117?
3923, 14479
What are the prime factors of 38463365?
5, 1523, 5051
List the prime factors of 483367673.
19141, 25253
List the prime factors of 276517832.
2, 317, 109037
List the prime factors of 34093060.
2, 5, 269, 6337
List the prime factors of 18843017.
281, 67057
What are the prime factors of 13103805?
3, 5, 11, 13, 41, 149
List the prime factors of 5789109665.
5, 149, 7770617
List the prime factors of 249747781.
179, 541, 2579
List the prime factors of 19722853.
43, 523, 877
What are the prime factors of 352042157?
2269, 155153
List the prime factors of 240560931.
3, 13, 17, 107, 3391
What are the prime factors of 25824426?
2, 3, 31, 138841
List the prime factors of 31409148.
2, 3, 26174